f -131*(3/(-4) + (-24)/96).
131
Let f(g) = -g**3 - g**2 + 3*g + 4. Let p be f(-2). Suppose 59 = 7*u - p*u - 2*c, 2*c - 18 = -2*u. List the prime factors of u.
11
Suppose 31*c = 4068 + 2690. List the prime factors of c.
2, 109
Let d = 102 + -21. Let i = -53 + d. What are the prime factors of i?
2, 7
Let v = 478 - 262. What are the prime factors of v?
2, 3
Let x(r) = 6*r**2 + 6*r. Let g be x(7). Let a = g + -168. What are the prime factors of a?
2, 3, 7
Let y(g) = 24*g**3 - g**2 - g + 7. What are the prime factors of y(3)?
643
Suppose -4*u = -q - 4558, 1850 + 2718 = 4*u + 4*q. List the prime factors of u.
2, 3, 5, 19
Let n = 1 - 1. Suppose 2*z = 3*m + 22 + 98, n = -z + 4*m + 60. What are the prime factors of z?
2, 3, 5
Suppose 0 - 36 = 3*c. Let p be (-855)/c - (-6)/8. Let w = p - 12. List the prime factors of w.
2, 3, 5
Let d be 0 - (-8 - -4)*-1. Let p(k) = -k**3 - 2*k**2 + 7*k - 1. Let q be p(d). Suppose 5*c - r = 130, -c - q*r = -3 - 7. What are the prime factors of c?
5
Let r(m) = 76*m**3 + 22*m**3 - 2*m - 40*m**3 + 3 - 2. What are the prime factors of r(1)?
3, 19
Suppose -b = -w - 159, -3*w + 0*w - 2*b - 472 = 0. Let p = -112 - w. List the prime factors of p.
2, 23
Let r = -2077 + 3390. List the prime factors of r.
13, 101
Let o(r) = r**2 + 5*r - 16. Let h be o(-12). Let w = -23 - 16. Let k = w + h. What are the prime factors of k?
29
Suppose 4*o = 7*o - 63. Suppose 19*r + 248 = o*r. List the prime factors of r.
2, 31
Suppose 5*o - 2 = 3, 4*t = 2*o + 614. What are the prime factors of t?
2, 7, 11
Suppose 4*j + 2*f = 112, 0 = -j + 2*f + 2 + 26. Suppose 2*b = 84 + j. What are the prime factors of b?
2, 7
Suppose -f + 363 = 2*v, -699 = -2*f + 3*v + 2*v. What are the prime factors of f?
3, 7, 17
Let x be (-12)/(-9) - 2/(-3). Let h = -96 - -207. What are the prime factors of x/((-105)/h - -1)?
37
Suppose -279*c - 44992 = -311*c. List the prime factors of c.
2, 19, 37
Let q(c) = 137*c + 28. List the prime factors of q(28).
2, 3, 7, 23
Suppose 10180 = 16*b + 3364. What are the prime factors of b?
2, 3, 71
Suppose 0 = 7*p - 5*p. Suppose -4*c + 7 + 9 = p. Suppose -141 = c*r - 7*r. List the prime factors of r.
47
Let k(y) be the third derivative of y**5/60 + y**4/4 - 11*y**3/6 - 8*y**2. Let v(n) = n**2 - 15*n - 10. Let t be v(15). List the prime factors of k(t).
29
Let g(l) = -12 - 4 - 3 - 4*l - 16*l. What are the prime factors of g(-5)?
3
Let s(m) = 14*m**2 - 2*m + 1. Let c be s(-2). Let z be (-20)/((-6)/63*-7). Let d = c + z. List the prime factors of d.
31
Let c = 53 + -50. Suppose 2*q + 143 = c*s, 0 = 2*s + 3*q + 11 - 89. List the prime factors of s.
3, 5
Let y(u) be the first derivative of 40*u**3/3 + u**2/2 - 8*u + 22. What are the prime factors of y(-2)?
2, 3, 5
Suppose 505 + 926 = 5*f + 2*q, f + 3*q - 281 = 0. Let n = f + -167. List the prime factors of n.
2, 3, 5
Let y = 33 - -43. List the prime factors of y.
2, 19
Let i = 0 - -5. Let a(z) = 4*z**2 - z - 4 - 6*z - i*z**2. What are the prime factors of a(-6)?
2
Suppose 0 = 39*i - 47*i + 4032. What are the prime factors of i?
2, 3, 7
Suppose 0 = -272*m + 264*m + 8376. What are the prime factors of m?
3, 349
Let y(v) be the third derivative of -2*v**2 + 0 - 1/30*v**5 + 1/8*v**4 - 1/120*v**6 + 2/3*v**3 + 0*v. List the prime factors of y(-3).
2
Suppose v + 3*u - 682 = 0, 11*v = 15*v + 3*u - 2683. What are the prime factors of v?
23, 29
Let w(s) = 3*s**2 + 3*s - 7. Let d(t) = t**3 - 5*t**2 + 4*t + 1. Let f be d(3). List the prime factors of w(f).
53
Suppose 2*n - 2*o - 210 = 476, -1715 = -5*n + o. List the prime factors of n.
7
Let x(o) be the third derivative of o**5/3 - o**3/6 + 5*o**2. Let w(i) = i + 8. Let c be w(-7). List the prime factors of x(c).
19
List the prime factors of (4815/10)/((-3)/(-2)).
3, 107
Let u(b) = -b**3 + 8*b**2 + 4*b + 4. Suppose -7*m - 3*g + 28 = -2*m, -4*g = -3*m + 11. What are the prime factors of u(m)?
3, 11
Suppose 2*m + c - 778 = 163, 2*m = -2*c + 936. What are the prime factors of m?
11, 43
Suppose -7*v + 682 = -3385. List the prime factors of v.
7, 83
Suppose 0 = -2*g - 8 + 4. Let w = 9 + -16. Let v = g - w. What are the prime factors of v?
5
Let s = 31 - 39. List the prime factors of (-3 - 0) + (9 - s).
2, 7
Suppose -1304 = 9*v - 3626. Suppose 0 = 46*a - 44*a - v. List the prime factors of a.
3, 43
Let x be -1 + -1 - 4*1. Let d(f) = 0 + 3 + 0 - f. What are the prime factors of d(x)?
3
Suppose -4*r - 5 = j, -3*j - 4*r = -2*r - 5. Let x(y) = -y**3 + 4*y**2 - y - 1. Let f be x(2). What are the prime factors of j + (f - 3) + 18?
23
Let y(v) = 2*v**2 - 4*v + 11. Let i(g) = g**3 + 16*g**2 + 15*g + 9. Let r be i(-15). Let h be y(r). Suppose 4*f - 401 = -h. List the prime factors of f.
2, 3, 11
Let n = -955 + 4235. What are the prime factors of n?
2, 5, 41
Suppose 3*a = -4*f + 1306, 4*a - 4 - 4 = 0. Suppose -4*r = -j + 143, 2*r - f = -2*j - 3*r. What are the prime factors of j?
5, 31
Let u = 1130 - 691. List the prime factors of u.
439
Let a(o) = -o + 2. Let p be a(-3). Suppose 0 = 2*m + 5*t - 66, p*t - 3*t - 186 = -5*m. Let v = m + -7. What are the prime factors of v?
31
Suppose 30 = 3*v - 12. Suppose 4*m + v = 2*m. Let c = 8 - m. List the prime factors of c.
3, 5
Let z(u) = -u**3 + 28*u**2 + 5*u - 30. Let m be z(28). Let r = 2 - -1. Suppose 4*q + 5*i - m = 0, 2*q - 3*q - r*i + 31 = 0. List the prime factors of q.
5
Suppose -2*w + 11*c = 9*c - 512, c = 3*w - 768. Suppose b + 0*h = -h + w, 4*b = -h + 1036. What are the prime factors of b?
2, 5, 13
Suppose -3*a + 32 = 14. Suppose -4*z + a*z - 20 = 0. List the prime factors of (-6)/z + 356/10.
5, 7
Let v(p) = 21*p + 283. What are the prime factors of v(21)?
2, 181
Let l(a) be the second derivative of 5*a**4/12 + 2*a**3/3 - 4*a**2 + 5*a. Let x be l(5). Suppose -5*t + x = 32. What are the prime factors of t?
3, 7
Let z(p) = p**3 + 3*p**2. Let v be z(-2). Suppose 4*l = l + 171. Suppose -v*r = -23 - l. What are the prime factors of r?
2, 5
Let o(b) = b**2 - 12*b - 57. Let q be o(15). What are the prime factors of 441/3*(20/q - -3)?
2, 7
Let b be (-1 + 1)*(-1)/(-1). Suppose -4*w + 191 = -2*z + 3*z, b = 5*w + 3*z - 244. List the prime factors of w.
47
Let t(d) = 62*d - 335. What are the prime factors of t(20)?
5, 181
Let o = 79 - -2439. What are the prime factors of o?
2, 1259
Let w = 16 + 512. List the prime factors of w.
2, 3, 11
Suppose k = -2*k + 18. Suppose -k = -4*h + 6. Suppose 4*z = h*z + 11. List the prime factors of z.
11
Let g(z) = z**2 + 13*z. Let k be ((-27)/(-6))/(1/(-2)). Let c be g(k). Let u = c + 50. List the prime factors of u.
2, 7
Suppose -3*v - 5*j + 1969 = -1450, 5*v + 2*j - 5692 = 0. What are the prime factors of v?
2, 569
Suppose 6*k = 5*k - 2*d + 433, -4*d + 2141 = 5*k. List the prime factors of k.
5, 17
Suppose -2*p - p - 108 = 0. Let j = 104 + p. Suppose -4*b = -0*b - j. List the prime factors of b.
17
Let y be (-4)/((8/2 + -2)/1). List the prime factors of (3 - 2)*y + 135 - 3.
2, 5, 13
Suppose 169*o = 176*o - 1484. List the prime factors of o.
2, 53
Let g(w) = w**3 - w**2 + 5*w + 6. Let z be g(5). Let v = -43 + z. List the prime factors of v.
2, 11
Let a = 46 - 24. Suppose 5*h + 0*p = -2*p - 76, -3*h - 58 = -5*p. Let i = a + h. What are the prime factors of i?
2, 3
Let h be 1/4 - (-77)/44. Suppose 4 = h*r - 0*r. Suppose 4*w + 114 = 3*b + 3*w, -w = r*b - 81. List the prime factors of b.
3, 13
Let y = 6 - 4. Suppose -5*a = -y*u - 44, -4*a = a - u - 42. Let n = a - -10. What are the prime factors of n?
2, 3
Let z(i) = i**3 + 3*i**2 - 12*i - 2. Let c be z(-5). List the prime factors of c/(-2) + 2*32.
2, 3, 5
Let l = 4 - 5. Let i be ((-6)/(-9))/(l/(-6)). Suppose -3*g - 1 = -4*w, -3*g + i*w + 9 = 2*g. List the prime factors of g.
5
Suppose -44*j + 1028 = -43*j. List the prime factors of j.
2, 257
Suppose -4 = q - 3*q + 2*m, 3*q + 5*m = 6. Suppose -4*o + 2*u - 2 = -6, -u - q = -4*o. What are the prime factors of (-605)/(-11) + (-1 - o)?
2, 3
Suppose 2*r = -2*z + 6948, 2*r - 22*z = -20*z + 6940. What are the prime factors of r?
2, 7, 31
Let p = 1651 - 850. Suppose -9*x + 0*x = -p. What are the prime factors of x?
89
Let k(n) = 24*n**3 - 2*n. Let w be k(2). Suppose -l - 324 = -4*f, 0 = 2*f - l + 24 - w. What are the prime factors of f?
2, 5
Suppose -3*k + 7 - 1 = 0. Suppose 275 = x + 3*t - k*t, x - 260 = 2